r of 1114771 and 7.
7
What is the greatest common divisor of 2990 and 3996135?
1495
What is the greatest common divisor of 39 and 12038?
13
Calculate the highest common factor of 171 and 931.
19
Calculate the greatest common factor of 291 and 168.
3
Calculate the highest common divisor of 28 and 6706.
14
Calculate the highest common divisor of 6 and 30705.
3
Calculate the highest common factor of 35763 and 7.
7
What is the greatest common factor of 514912 and 32?
32
What is the greatest common factor of 933182 and 12034?
1094
Calculate the highest common factor of 4898 and 7998.
62
Calculate the greatest common divisor of 325209 and 2838.
129
What is the highest common factor of 20057 and 93?
31
What is the highest common factor of 11091 and 117?
3
What is the highest common divisor of 349376 and 265?
53
What is the greatest common divisor of 136555 and 8525?
155
What is the greatest common factor of 18565 and 1975?
395
Calculate the greatest common divisor of 26 and 3533.
1
Calculate the highest common factor of 41472 and 176.
16
Calculate the highest common divisor of 2520 and 24885.
315
Calculate the greatest common divisor of 91016 and 1835.
367
What is the highest common divisor of 640 and 333888?
64
Calculate the greatest common divisor of 396 and 3916.
44
What is the highest common factor of 125060 and 925?
185
Calculate the greatest common divisor of 4233852 and 1268.
1268
What is the highest common factor of 6528 and 93952?
128
What is the greatest common factor of 7326 and 2007?
9
Calculate the greatest common factor of 106800 and 872.
8
What is the highest common factor of 5 and 234015?
5
What is the greatest common factor of 26643 and 3210?
321
Calculate the greatest common factor of 702072 and 196.
196
What is the greatest common factor of 52 and 77389?
13
What is the highest common factor of 66726 and 594?
198
Calculate the greatest common divisor of 21654 and 46516.
802
What is the greatest common factor of 1848 and 22341?
33
Calculate the greatest common factor of 111264 and 1520.
304
What is the greatest common divisor of 920 and 58972?
92
What is the highest common divisor of 740 and 4080?
20
Calculate the highest common divisor of 145275 and 975.
975
What is the highest common divisor of 4596267 and 13065?
2613
Calculate the highest common factor of 2520 and 4577160.
840
Calculate the highest common factor of 358 and 190277.
179
What is the highest common divisor of 10442 and 2300?
46
Calculate the highest common divisor of 1035 and 86319.
207
What is the greatest common factor of 358489 and 1266?
211
What is the highest common divisor of 113145 and 1995?
285
What is the highest common factor of 84112 and 42?
14
What is the highest common divisor of 18 and 791142?
6
What is the highest common divisor of 14 and 447643?
7
What is the highest common divisor of 544 and 964784?
272
What is the highest common factor of 1671170 and 30?
10
What is the highest common divisor of 1190 and 282965?
85
What is the highest common divisor of 250 and 41400?
50
What is the greatest common divisor of 2459721 and 1254?
627
Calculate the highest common factor of 1182 and 15957.
591
What is the highest common divisor of 6225 and 17596?
83
Calculate the greatest common divisor of 351 and 4239.
27
What is the highest common divisor of 13746 and 2262?
174
What is the greatest common factor of 335250 and 10430?
1490
What is the highest common factor of 5 and 547265?
5
Calculate the highest common divisor of 5066 and 43210.
298
Calculate the greatest common divisor of 598 and 71786.
26
What is the greatest common divisor of 620 and 4540?
20
What is the greatest common factor of 11139 and 6873?
237
What is the highest common factor of 771276 and 132?
132
What is the highest common divisor of 7360 and 26560?
320
Calculate the greatest common divisor of 9444 and 384.
12
What is the highest common divisor of 8525 and 10571?
341
Calculate the highest common divisor of 32 and 10485968.
16
What is the greatest common factor of 1826 and 10109?
11
Calculate the highest common factor of 8243 and 102.
1
Calculate the highest common factor of 925633 and 153.
17
Calculate the highest common divisor of 369306 and 1323.
189
What is the highest common divisor of 182 and 69407?
13
What is the highest common divisor of 116 and 139606?
58
Calculate the greatest common divisor of 254466 and 3082.
134
What is the greatest common factor of 20203552 and 32?
32
Calculate the greatest common divisor of 1683 and 627912.
153
Calculate the greatest common factor of 70 and 9070.
10
What is the highest common factor of 4311 and 11975?
479
What is the greatest common divisor of 46 and 80?
2
What is the greatest common factor of 8 and 153592?
8
Calculate the greatest common factor of 142 and 26.
2
What is the highest common factor of 82062 and 19317?
141
What is the highest common divisor of 14638 and 26?
26
Calculate the greatest common factor of 11 and 40700.
11
What is the greatest common divisor of 6049 and 1081?
23
Calculate the highest common factor of 836 and 6004.
76
What is the greatest common divisor of 49077 and 163989?
1197
Calculate the highest common factor of 4080 and 447780.
1020
Calculate the greatest common divisor of 24270 and 300.
30
What is the greatest common factor of 574 and 4838?
82
Calculate the highest common factor of 97631 and 17.
17
What is the highest common divisor of 16957 and 31?
31
What is the greatest common divisor of 280 and 10330?
10
What is the greatest common factor of 205 and 495?
5
What is the highest common divisor of 43976 and 35850?
478
Calculate the greatest common factor of 685 and 150289.
137
What is the highest common divisor of 1652 and 2183?
59
What is the greatest common divisor of 1732214 and 22?
22
What is the greatest common divisor of 4 and 4894?
2
Calculate the highest common factor of 199824 and 2760.
552
What is the greatest common divisor of 2676 and 1536?
12
Calculate the highest common factor of 13373 and 122223.
311
What is the highest common divisor of 128 and 70016?
128
Calculate the highest common factor of 8137 and 15759.
103
Calculate the greatest common factor of 884470 and 6025.
1205
Calculate the highest common divisor of 7715 and 1984298.
1543
Calculate the highest common factor of 153990 and 261.
261
Calculate the highest common factor of 52 and 1417.
13
Calculate the highest common divisor of 285565 and 175.
35
Calculate the greatest common factor of 27438 and 591531.
807
Calculate the greatest common divisor of 259 and 13283.
37
Calculate the highest common factor of 1386 and 379386.
126
Calculate the greatest common divisor of 1397 and 270129.
127
What is the highest common factor of 7767456 and 16?
16
Calculate the greatest common divisor of 2325 and 1610295.
465
What is the greatest common factor of 140 and 59605?
35
Calculate the highest common factor of 45 and 52410.
15
Calculate the greatest common divisor of 50 and 2533550.
50
What is the greatest common divisor of 500 and 3625?
125
Calculate the greatest common factor of 186 and 7874.
62
Calculate the highest common divisor of 96 and 814032.
48
Calculate the greatest common divisor of 552747 and 39.
39
Calculate the greatest common factor of 994 and 50.
2
Calculate the greatest common factor of 1937 and 572.
13
What is the highest common divisor of 106 and 4187?
53
What is the highest common divisor of 15360 and 1260?
60
Calculate the greatest common factor of 1 and 34973.
1
What is the greatest common divisor of 26 and 1914848?
26
Calculate the greatest common factor of 51456 and 3618.
402
Calculate the highest common factor of 3172 and 976.
244
What is the highest common divisor of 16 and 4398?
2
What is the greatest common divisor of 14279928 and 1443?
1443
Calculate the greatest common factor of 2764216 and 2184.
728
Calculate the greatest common divisor of 22398 and 18.
6
Calculate the highest common factor of 1143 and 8015859.
1143
What is the greatest common divisor of 53690 and 1239?
413
Calculate the greatest common factor of 88412 and 27600.
92
Calculate the highest common factor of 899 and 212773.
29
Calculate the greatest common factor of 22 and 28094.
22
Calculate the greatest common divisor of 513 and 38703.
57
What is the highest 